{"id":18,"date":"2025-11-24T16:30:10","date_gmt":"2025-11-24T16:30:10","guid":{"rendered":"http:\/\/isfpsay.cluster121.hosting.ovh.net\/?page_id=18"},"modified":"2025-11-26T15:20:24","modified_gmt":"2025-11-26T15:20:24","slug":"contact","status":"publish","type":"page","link":"https:\/\/isfp-sante.sn\/index.php\/contact\/","title":{"rendered":"Contact"},"content":{"rendered":"\t\t<div data-elementor-type=\"wp-page\" data-elementor-id=\"18\" class=\"elementor elementor-18\" data-elementor-post-type=\"page\">\n\t\t\t\t<div class=\"elementor-element elementor-element-6332ecc e-flex e-con-boxed e-con e-parent\" data-id=\"6332ecc\" data-element_type=\"container\">\n\t\t\t\t\t<div class=\"e-con-inner\">\n\t\t\t\t<div class=\"elementor-element elementor-element-ec554a8 elementor-widget elementor-widget-heading\" data-id=\"ec554a8\" data-element_type=\"widget\" data-widget_type=\"heading.default\">\n\t\t\t\t\t<h1 class=\"elementor-heading-title elementor-size-default\">Plan d'acc\u00e8s<\/h1>\t\t\t\t<\/div>\n\t\t\t\t\t<\/div>\n\t\t\t\t<\/div>\n\t\t<div class=\"elementor-element elementor-element-ffcee22 e-flex e-con-boxed e-con e-parent\" data-id=\"ffcee22\" data-element_type=\"container\">\n\t\t\t\t\t<div class=\"e-con-inner\">\n\t\t\t\t<div class=\"elementor-element elementor-element-79db766 elementor-widget elementor-widget-google_maps\" data-id=\"79db766\" data-element_type=\"widget\" data-widget_type=\"google_maps.default\">\n\t\t\t\t\t\t\t<div class=\"elementor-custom-embed\">\n\t\t\t<iframe loading=\"lazy\"\n\t\t\t\t\tsrc=\"https:\/\/maps.google.com\/maps?q=S%C3%A9n%C3%A9gal%2C%20Tambacounda%2C%20route%20college%20jean%2023&#038;t=m&#038;z=10&#038;output=embed&#038;iwloc=near\"\n\t\t\t\t\ttitle=\"S\u00e9n\u00e9gal, Tambacounda, route college jean 23\"\n\t\t\t\t\taria-label=\"S\u00e9n\u00e9gal, Tambacounda, route college jean 23\"\n\t\t\t><\/iframe>\n\t\t<\/div>\n\t\t\t\t\t\t<\/div>\n\t\t\t\t\t<\/div>\n\t\t\t\t<\/div>\n\t\t<div class=\"elementor-element elementor-element-aad2903 e-flex e-con-boxed e-con e-parent\" data-id=\"aad2903\" data-element_type=\"container\">\n\t\t\t\t\t<div class=\"e-con-inner\">\n\t\t\t\t<div class=\"elementor-element elementor-element-d39aa92 elementor-view-default elementor-invisible elementor-widget elementor-widget-icon\" data-id=\"d39aa92\" data-element_type=\"widget\" data-settings=\"{&quot;_animation&quot;:&quot;slideInDown&quot;}\" data-widget_type=\"icon.default\">\n\t\t\t\t\t\t\t<div class=\"elementor-icon-wrapper\">\n\t\t\t<div class=\"elementor-icon\">\n\t\t\t<svg aria-hidden=\"true\" class=\"e-font-icon-svg e-fas-school\" viewBox=\"0 0 640 512\" xmlns=\"http:\/\/www.w3.org\/2000\/svg\"><path d=\"M0 224v272c0 8.84 7.16 16 16 16h80V192H32c-17.67 0-32 14.33-32 32zm360-48h-24v-40c0-4.42-3.58-8-8-8h-16c-4.42 0-8 3.58-8 8v64c0 4.42 3.58 8 8 8h48c4.42 0 8-3.58 8-8v-16c0-4.42-3.58-8-8-8zm137.75-63.96l-160-106.67a32.02 32.02 0 0 0-35.5 0l-160 106.67A32.002 32.002 0 0 0 128 138.66V512h128V368c0-8.84 7.16-16 16-16h96c8.84 0 16 7.16 16 16v144h128V138.67c0-10.7-5.35-20.7-14.25-26.63zM320 256c-44.18 0-80-35.82-80-80s35.82-80 80-80 80 35.82 80 80-35.82 80-80 80zm288-64h-64v320h80c8.84 0 16-7.16 16-16V224c0-17.67-14.33-32-32-32z\"><\/path><\/svg>\t\t\t<\/div>\n\t\t<\/div>\n\t\t\t\t\t\t<\/div>\n\t\t\t\t\t<\/div>\n\t\t\t\t<\/div>\n\t\t<div class=\"elementor-element elementor-element-e7904fe e-flex e-con-boxed e-con e-parent\" data-id=\"e7904fe\" data-element_type=\"container\">\n\t\t\t\t\t<div class=\"e-con-inner\">\n\t\t\t\t<div class=\"elementor-element elementor-element-c320317 elementor-invisible elementor-widget elementor-widget-text-editor\" data-id=\"c320317\" data-element_type=\"widget\" data-settings=\"{&quot;_animation&quot;:&quot;rotateIn&quot;}\" data-widget_type=\"text-editor.default\">\n\t\t\t\t\t\t\t\t\t<ul><li>S\u00e9n\u00e9gal, Tambacounda, quartier m\u00e9dina-coura route de quinzambougou<\/li><li>S\u00e9n\u00e9gal, K\u00e9dougou, route sapeur-pompier<\/li><\/ul>\t\t\t\t\t\t\t\t<\/div>\n\t\t\t\t\t<\/div>\n\t\t\t\t<\/div>\n\t\t<div class=\"elementor-element elementor-element-cfff0e5 e-flex e-con-boxed e-con e-parent\" data-id=\"cfff0e5\" data-element_type=\"container\">\n\t\t\t\t\t<div class=\"e-con-inner\">\n\t\t\t\t<div class=\"elementor-element elementor-element-7e0ec24 animated-slow elementor-view-default elementor-invisible elementor-widget elementor-widget-icon\" data-id=\"7e0ec24\" data-element_type=\"widget\" data-settings=\"{&quot;_animation&quot;:&quot;slideInDown&quot;}\" data-widget_type=\"icon.default\">\n\t\t\t\t\t\t\t<div class=\"elementor-icon-wrapper\">\n\t\t\t<div class=\"elementor-icon\">\n\t\t\t<svg class=\"ekit-svg-icon icon-phone\" viewBox=\"0 0 32 32\" xmlns=\"http:\/\/www.w3.org\/2000\/svg\"><path d=\"M28.631 14.235c-1.665 0-4.684-0.6-5.625-1.541-0.577-0.577-0.714-1.301-0.824-1.883-0.136-0.717-0.217-0.93-0.532-1.065-1.444-0.62-3.514-0.976-5.681-0.976-2.144 0-4.193 0.35-5.619 0.959-0.311 0.133-0.391 0.345-0.523 1.061-0.108 0.584-0.243 1.31-0.82 1.887-0.525 0.525-1.624 0.886-2.454 1.096-1.069 0.271-2.214 0.426-3.141 0.426-1.062 0-1.78-0.202-2.196-0.617-0.626-0.626-1.025-1.481-1.095-2.348-0.059-0.73 0.081-1.812 1.088-2.819 1.635-1.635 3.834-2.91 6.537-3.789 2.486-0.809 5.315-1.236 8.183-1.236 2.887 0 5.74 0.433 8.25 1.251 2.728 0.89 4.948 2.178 6.599 3.828 1.68 1.68 1.264 3.909 0.020 5.154-0.412 0.412-1.12 0.612-2.167 0.612zM15.968 7.169c2.411 0 4.653 0.393 6.313 1.106 1.141 0.49 1.332 1.5 1.472 2.237 0.084 0.441 0.156 0.821 0.384 1.050 0.404 0.404 2.73 1.073 4.494 1.073 0.77 0 1.012-0.132 1.044-0.151 0.495-0.502 1.117-1.738-0.028-2.883-2.887-2.887-8.015-4.611-13.718-4.611-5.655 0-10.735 1.703-13.588 4.557-0.461 0.461-0.671 0.985-0.625 1.558 0.039 0.483 0.272 0.983 0.625 1.338 0.030 0.019 0.276 0.156 1.072 0.156 1.758 0 4.066-0.658 4.463-1.054 0.226-0.226 0.296-0.606 0.378-1.047 0.137-0.739 0.325-1.752 1.468-2.24 1.642-0.702 3.861-1.088 6.248-1.088zM26.4 28.8h-20.8c-1.073 0-2.064-0.422-2.789-1.189s-1.092-1.779-1.032-2.851c0.007-0.123 0.188-3.041 2.032-5.983 1.091-1.74 2.537-3.128 4.298-4.123 2.177-1.23 4.832-1.854 7.891-1.854s5.714 0.624 7.891 1.854c1.761 0.996 3.207 2.383 4.298 4.123 1.844 2.942 2.025 5.86 2.032 5.983 0.059 1.072-0.307 2.084-1.032 2.851s-1.716 1.189-2.789 1.189zM16 14.4c-4.987 0-8.621 1.74-10.799 5.173-1.648 2.596-1.823 5.251-1.825 5.278-0.035 0.627 0.177 1.217 0.597 1.661s0.998 0.688 1.627 0.688h20.8c0.629 0 1.207-0.244 1.627-0.688s0.632-1.034 0.597-1.662c-0.001-0.025-0.177-2.68-1.825-5.276-2.179-3.433-5.812-5.173-10.799-5.173zM16 25.6c-2.647 0-4.8-2.153-4.8-4.8s2.153-4.8 4.8-4.8 4.8 2.153 4.8 4.8-2.153 4.8-4.8 4.8zM16 17.6c-1.764 0-3.2 1.436-3.2 3.2s1.435 3.2 3.2 3.2c1.764 0 3.2-1.436 3.2-3.2s-1.436-3.2-3.2-3.2z\"><\/path><\/svg>\t\t\t<\/div>\n\t\t<\/div>\n\t\t\t\t\t\t<\/div>\n\t\t\t\t\t<\/div>\n\t\t\t\t<\/div>\n\t\t<div class=\"elementor-element elementor-element-385f88b e-flex e-con-boxed e-con e-parent\" data-id=\"385f88b\" data-element_type=\"container\">\n\t\t\t\t\t<div class=\"e-con-inner\">\n\t\t\t\t<div class=\"elementor-element elementor-element-71913a9 elementor-invisible elementor-widget elementor-widget-text-editor\" data-id=\"71913a9\" data-element_type=\"widget\" data-settings=\"{&quot;_animation&quot;:&quot;slideInLeft&quot;}\" data-widget_type=\"text-editor.default\">\n\t\t\t\t\t\t\t\t\t<p>Tambacounda :<\/p><p>\u00a0 \u00a0 \u00a0 &#8212; Fixe : 33 981 07 64<\/p><p>\u00a0 \u00a0 \u00a0 &#8212; T\u00e9l\u00e9phone : 77 570 40 53<\/p><p>K\u00e9dougou :\u00a0<\/p><p>\u00a0 \u00a0 \u00a0 &#8212; Fixe :\u00a0<\/p><p>\u00a0 \u00a0 \u00a0 &#8212; T\u00e9l\u00e9phone :<\/p><p>\u00a0<\/p>\t\t\t\t\t\t\t\t<\/div>\n\t\t\t\t\t<\/div>\n\t\t\t\t<\/div>\n\t\t<div class=\"elementor-element elementor-element-821d4da e-flex e-con-boxed e-con e-parent\" data-id=\"821d4da\" data-element_type=\"container\">\n\t\t\t\t\t<div class=\"e-con-inner\">\n\t\t\t\t<div class=\"elementor-element elementor-element-e13bff7 elementor-icon-list--layout-traditional elementor-list-item-link-full_width elementor-invisible elementor-widget elementor-widget-icon-list\" data-id=\"e13bff7\" data-element_type=\"widget\" data-settings=\"{&quot;_animation&quot;:&quot;lightSpeedIn&quot;}\" data-widget_type=\"icon-list.default\">\n\t\t\t\t\t\t\t<ul class=\"elementor-icon-list-items\">\n\t\t\t\t\t\t\t<li class=\"elementor-icon-list-item\">\n\t\t\t\t\t\t\t\t\t\t\t<span class=\"elementor-icon-list-icon\">\n\t\t\t\t\t\t\t<svg class=\"ekit-svg-icon icon-email\" viewBox=\"0 0 32 32\" xmlns=\"http:\/\/www.w3.org\/2000\/svg\"><path d=\"M31.763 13.855l0-0-4.086-2.709v-9.055c0-0.293-0.237-0.53-0.53-0.53h-22.294c-0.293 0-0.53 0.237-0.53 0.53v9.055l-4.085 2.708c-0.143 0.095-0.237 0.257-0.237 0.442v16.413c0 0.293 0.237 0.53 0.53 0.53h30.94c0.293 0 0.53-0.237 0.53-0.53v-16.413c0-0.184-0.094-0.347-0.237-0.442zM4.323 15.708l-1.662-0.882h1.662v0.882zM1.060 15.177l12.188 6.465-12.188 8.079v-14.544zM16 21.090l13.712 9.089h-27.423l13.712-9.089zM18.752 21.643l12.188-6.465v14.544l-12.188-8.079zM27.677 14.826h1.663l-1.663 0.882v-0.882zM29.711 13.766h-2.035v-1.349l2.035 1.349zM26.617 2.621v13.65l-8.87 4.705-1.454-0.964c-0.177-0.118-0.408-0.118-0.586 0l-1.454 0.964-8.871-4.706v-13.649h21.234zM4.323 13.766h-2.034l2.034-1.348v1.348zM16 15.499h4.223c0.293 0 0.53-0.237 0.53-0.53s-0.237-0.53-0.53-0.53h-4.223c-2.036 0-3.693-1.656-3.693-3.693v-0.156c0-2.036 1.656-3.693 3.693-3.693s3.693 1.656 3.693 3.693v0.391c0 0.441-0.359 0.799-0.799 0.799s-0.799-0.359-0.799-0.799v-0.743c0-1.262-1.027-2.289-2.289-2.289s-2.289 1.027-2.289 2.289c0 1.262 1.027 2.289 2.289 2.289 0.577 0 1.105-0.215 1.508-0.569 0.328 0.529 0.914 0.882 1.581 0.882 1.025 0 1.859-0.834 1.859-1.859v-0.391c0-2.621-2.132-4.753-4.753-4.753s-4.753 2.132-4.753 4.753v0.156c0 2.621 2.132 4.753 4.753 4.753zM15.804 11.468c-0.678 0-1.229-0.551-1.229-1.229s0.552-1.229 1.229-1.229 1.229 0.552 1.229 1.229-0.551 1.229-1.229 1.229z\"><\/path><\/svg>\t\t\t\t\t\t<\/span>\n\t\t\t\t\t\t\t\t\t\t<span class=\"elementor-icon-list-text\">ifpstba18@gmail.com<\/span>\n\t\t\t\t\t\t\t\t\t<\/li>\n\t\t\t\t\t\t\t\t<li class=\"elementor-icon-list-item\">\n\t\t\t\t\t\t\t\t\t\t\t<span class=\"elementor-icon-list-icon\">\n\t\t\t\t\t\t\t<svg class=\"ekit-svg-icon icon-email\" viewBox=\"0 0 32 32\" xmlns=\"http:\/\/www.w3.org\/2000\/svg\"><path d=\"M31.763 13.855l0-0-4.086-2.709v-9.055c0-0.293-0.237-0.53-0.53-0.53h-22.294c-0.293 0-0.53 0.237-0.53 0.53v9.055l-4.085 2.708c-0.143 0.095-0.237 0.257-0.237 0.442v16.413c0 0.293 0.237 0.53 0.53 0.53h30.94c0.293 0 0.53-0.237 0.53-0.53v-16.413c0-0.184-0.094-0.347-0.237-0.442zM4.323 15.708l-1.662-0.882h1.662v0.882zM1.060 15.177l12.188 6.465-12.188 8.079v-14.544zM16 21.090l13.712 9.089h-27.423l13.712-9.089zM18.752 21.643l12.188-6.465v14.544l-12.188-8.079zM27.677 14.826h1.663l-1.663 0.882v-0.882zM29.711 13.766h-2.035v-1.349l2.035 1.349zM26.617 2.621v13.65l-8.87 4.705-1.454-0.964c-0.177-0.118-0.408-0.118-0.586 0l-1.454 0.964-8.871-4.706v-13.649h21.234zM4.323 13.766h-2.034l2.034-1.348v1.348zM16 15.499h4.223c0.293 0 0.53-0.237 0.53-0.53s-0.237-0.53-0.53-0.53h-4.223c-2.036 0-3.693-1.656-3.693-3.693v-0.156c0-2.036 1.656-3.693 3.693-3.693s3.693 1.656 3.693 3.693v0.391c0 0.441-0.359 0.799-0.799 0.799s-0.799-0.359-0.799-0.799v-0.743c0-1.262-1.027-2.289-2.289-2.289s-2.289 1.027-2.289 2.289c0 1.262 1.027 2.289 2.289 2.289 0.577 0 1.105-0.215 1.508-0.569 0.328 0.529 0.914 0.882 1.581 0.882 1.025 0 1.859-0.834 1.859-1.859v-0.391c0-2.621-2.132-4.753-4.753-4.753s-4.753 2.132-4.753 4.753v0.156c0 2.621 2.132 4.753 4.753 4.753zM15.804 11.468c-0.678 0-1.229-0.551-1.229-1.229s0.552-1.229 1.229-1.229 1.229 0.552 1.229 1.229-0.551 1.229-1.229 1.229z\"><\/path><\/svg>\t\t\t\t\t\t<\/span>\n\t\t\t\t\t\t\t\t\t\t<span class=\"elementor-icon-list-text\">saratov90@yahoo.fr<\/span>\n\t\t\t\t\t\t\t\t\t<\/li>\n\t\t\t\t\t\t<\/ul>\n\t\t\t\t\t\t<\/div>\n\t\t\t\t\t<\/div>\n\t\t\t\t<\/div>\n\t\t\t\t<\/div>\n\t\t","protected":false},"excerpt":{"rendered":"<p>Plan d&rsquo;acc\u00e8s S\u00e9n\u00e9gal, Tambacounda, quartier m\u00e9dina-coura route de quinzambougou S\u00e9n\u00e9gal, K\u00e9dougou, route sapeur-pompier Tambacounda : \u00a0 \u00a0 \u00a0 &#8212; Fixe : 33 981 07 64 \u00a0 \u00a0 \u00a0 &#8212; T\u00e9l\u00e9phone : 77 570 40 53 K\u00e9dougou :\u00a0 \u00a0 \u00a0 \u00a0 &#8212; Fixe :\u00a0 \u00a0 \u00a0 \u00a0 &#8212; T\u00e9l\u00e9phone : \u00a0 ifpstba18@gmail.com saratov90@yahoo.fr<\/p>\n","protected":false},"author":1,"featured_media":0,"parent":0,"menu_order":0,"comment_status":"closed","ping_status":"closed","template":"","meta":{"zakra_page_container_layout":"customizer","zakra_page_sidebar_layout":"customizer","zakra_remove_content_margin":false,"zakra_sidebar":"customizer","zakra_transparent_header":"customizer","zakra_logo":0,"zakra_main_header_style":"default","zakra_menu_item_color":"","zakra_menu_item_hover_color":"","zakra_menu_item_active_color":"","zakra_menu_active_style":"","zakra_page_header":true,"footnotes":""},"class_list":["post-18","page","type-page","status-publish","hentry"],"_links":{"self":[{"href":"https:\/\/isfp-sante.sn\/index.php\/wp-json\/wp\/v2\/pages\/18","targetHints":{"allow":["GET"]}}],"collection":[{"href":"https:\/\/isfp-sante.sn\/index.php\/wp-json\/wp\/v2\/pages"}],"about":[{"href":"https:\/\/isfp-sante.sn\/index.php\/wp-json\/wp\/v2\/types\/page"}],"author":[{"embeddable":true,"href":"https:\/\/isfp-sante.sn\/index.php\/wp-json\/wp\/v2\/users\/1"}],"replies":[{"embeddable":true,"href":"https:\/\/isfp-sante.sn\/index.php\/wp-json\/wp\/v2\/comments?post=18"}],"version-history":[{"count":13,"href":"https:\/\/isfp-sante.sn\/index.php\/wp-json\/wp\/v2\/pages\/18\/revisions"}],"predecessor-version":[{"id":172,"href":"https:\/\/isfp-sante.sn\/index.php\/wp-json\/wp\/v2\/pages\/18\/revisions\/172"}],"wp:attachment":[{"href":"https:\/\/isfp-sante.sn\/index.php\/wp-json\/wp\/v2\/media?parent=18"}],"curies":[{"name":"wp","href":"https:\/\/api.w.org\/{rel}","templated":true}]}}